q) be the first derivative of -q**4/4 + 2*q**3 + 5*q**2/2 + 8*q - 12. Give t(j).
-6
Let y(q) = 4*q. Let s be 6*-3*1/9. Let c be 1/(3/12*s). Let v = c + 6. What is y(v)?
16
Suppose 5*o - 3*u - 2 + 13 = 0, 0 = -o - 3*u + 5. Let q(l) = 27*l**3 - l**2 + l + 1. Give q(o).
-28
Let t(z) be the second derivative of 2*z**3/3 - 2*z**2 - 67*z. Let d(w) = w**2 + 5*w - 9. Let s be d(-7). Determine t(s).
16
Let n(m) = 2*m**3 - 2*m**2 - 3*m + 2. Let v(w) = 3*w + 86. Let l be v(-28). Determine n(l).
4
Let i = 12 + 14. Let h(l) = -6*l**2 + 5 - 47*l**3 + i*l**3 + 22*l**3 - 2*l. What is h(6)?
-7
Let n(f) = -f**2 - 5*f - 4. Let d = -157 - -159. Let s be (0 + 2)*(-1 + 6). Suppose -3*p = z + 15, -s = 2*p + z + d*z. Determine n(p).
-4
Let k(v) = v**3 + v**2 - 4*v + 1. Let r(y) = y**2 - 8*y - 12. Suppose -31 = -l - 2*l + 2*d, 0 = 2*l - 4*d - 26. Let s be r(l). Give k(s).
-5
Let s(i) = i**3 + 20*i**2 + 18*i + 3. Suppose 5*c - 3*k + 89 = 0, -2*c - 38 = 3*k + 6. Determine s(c).
22
Let k(q) = 19*q - 4*q**2 - 21 + 10*q - q**2 - q**3 + 13 - 25*q. Give k(-6).
4
Let d(a) be the first derivative of -2*a**3/3 - 3*a**2 + 2*a - 9. What is d(-6)?
-34
Let h(o) = 8*o - 6. Let x be (2 + 0 - -5) + (-8)/4. Give h(x).
34
Let f(z) = -11 + 7*z**2 - 12 + 7*z - z**3 + 58 - 8 - 16. Let w be 2/(-3) - 26/(-3). Give f(w).
3
Suppose -2*d + 6 = 15*k - 17*k, 8 = 4*d - 2*k. Let m(b) = -45*b**2 - 2*b + 1. Give m(d).
-46
Let j(w) = -w**3 - 6*w**2 - 6*w - 4. Let r = -102 - -103. Suppose 0 = -5*b - 2*u - 23 - 4, 0 = -u - r. What is j(b)?
1
Let o = 3 - 4. Let y(w) be the third derivative of 5*w**4/24 + w**3/6 + 33*w**2. Calculate y(o).
-4
Let p = 57/2 - 27. Let y(k) be the second derivative of -p*k**2 + 0 - 5*k + 2/3*k**3. Give y(2).
5
Let x(q) = -9*q + 49 - 17 - 7. Determine x(3).
-2
Suppose 0 = n - 3*n + 14. Suppose -17 + n = -2*o. Let z(a) = -a + 2. Calculate z(o).
-3
Let g(z) = -14*z**2 + 5*z - 5. Suppose 0 = -6*q + 4*q - 14. Let o(s) = 15*s**2 - 6*s + 6. Let a(n) = q*g(n) - 6*o(n). Give a(1).
8
Let a = 56 + -54. Let g(l) = -21*l + 6. Let z(j) = -7*j + 2. Let x(y) = a*g(y) - 7*z(y). Calculate x(2).
12
Let a(u) = 3*u**2 + u. Let x(s) = -7*s**2 - 2*s. Let v(o) = 5*a(o) + 2*x(o). Let t(n) = 12*n**2 + 2*n - 1. Let b(m) = t(m) - 2*v(m). Calculate b(1).
9
Let p(s) = -s - 2. Let b be p(6). Let o = -13 - b. Let r(i) be the first derivative of -i**4/4 - 2*i**3 - 3*i**2 + 3*i - 1. Determine r(o).
8
Let q(b) = -14*b**3 - 22*b**2 - 17*b - 3. Let n(h) = 5*h**3 + 7*h**2 + 6*h + 1. Let i(r) = -17*n(r) - 6*q(r). Determine i(13).
1
Let b(o) be the third derivative of o**4/24 + o**3/6 + 7*o**2. Give b(-8).
-7
Let m(i) = i**2 - 10*i + 1. Suppose -100 = -205*h + 195*h. What is m(h)?
1
Let v be 4/(-14) + (-304)/(-133). Let a(i) = -36*i**2 - 2*i - i + 37*i**v - 2. Give a(4).
2
Let w(p) = 0*p + 2 - 2*p + 8*p**3 - 7*p**3 - 3 - 4*p**2. Suppose 4*i - 2 - 18 = 0. Calculate w(i).
14
Suppose 0 = 2*r - 4*p + 12, -p - 27 - 6 = 4*r. Let x(i) = -9*i + 6 - 1 - i**2 + 0. What is x(r)?
13
Let a(t) = 2*t + 2. Suppose 0 = -10*w - 5 + 15. Calculate a(w).
4
Let j(t) = 3*t**3 + t + 2. Let m = -554 - -553. Give j(m).
-2
Let b(u) = 8*u - 2*u + 3*u - 4*u + 2*u + 4. Give b(3).
25
Let n(y) = -4*y - 12*y**2 + 6*y**2 - y + 5*y**2 - 2. What is n(-8)?
-26
Let s(f) = 20*f + 2. Suppose -4*b = a - 8*b - 13, 0 = -2*a - 2*b - 4. Give s(a).
22
Let d(f) be the second derivative of -f**5/20 + f**4/6 + f**3/3 + f**2/2 - 12*f. Let w = -31 - -34. Give d(w).
-2
Let n(l) = -l**2 + 13*l - 88 + 151 - 3*l - 62. Calculate n(11).
-10
Let o(m) = -m**2 - 9*m - 14. Let h = 648 + -654. Calculate o(h).
4
Let u(n) = n**3 - 8*n**2 + n + 3. Suppose 0 = 2*k + x - 11, -5*k + 0*x = 5*x - 30. Suppose -19 = -3*b + k. What is u(b)?
11
Let z(g) = -9 - 8*g**2 - 24*g + 33*g + 7*g**2. Give z(7).
5
Let l(b) be the second derivative of -b**5/20 - b**4/3 - b**3/3 + b**2/2 + 2*b + 4. Calculate l(-3).
-2
Let z(l) = 2*l**2 - 3*l. Let u = -9 + 14. Let m(g) = -3*g**2 + 7*g - 1. Let h(w) = u*z(w) + 3*m(w). What is h(-8)?
13
Let d be (72/(-168))/(2/(-14)). Let b(s) = 9*s - 1. Give b(d).
26
Let v(a) = a**2 - 1. Let w(l) = l**2 - l. Let z(d) = -4*v(d) + 3*w(d). Determine z(-4).
0
Suppose 4*n + 5 = -r, -2*r - n = r - 29. Let q = r - 9. Let z(b) = -b + 4*b - q*b - 6*b**2 + b**3 - 3. Give z(6).
3
Let v(k) = -16*k + 9 - 4*k + k**2 + 5 + 3*k. Give v(16).
-2
Let h(c) = -c**2 + 2*c - 3. Suppose 29 = 2*b - 11. Suppose -5*i + b = -0. Suppose 3*k + 1 = 4*l - 22, 5*l - 30 = i*k. Determine h(l).
-3
Let q be (3/5)/((-5)/(-175)). Let f = q + -20. Let h be f*3*2/6. Let r(o) = 4*o**2 + 2*o - 1. Calculate r(h).
5
Suppose 4*b + 4*c - 16 = 0, -3*b + 17 = -5*b + 3*c. Let k(t) = 3*t**2 + 140*t - 140*t. Calculate k(b).
3
Let c(n) = 11*n - 3. Suppose 0 = 3*r - 5*f + 16, r - 3*f + 6*f = 18. Suppose r*o + 9 = 3*z, 0*o + 2*o = -2. Calculate c(z).
19
Let f(s) be the second derivative of s**5/20 - s**4/3 - s**3/3 + 3*s**2 - 6*s. Suppose -4*g - 4*w = -12, w - 2*w = -2*g + 9. What is f(g)?
-2
Let d(f) be the first derivative of -2/3*f**3 + 14 - 1/4*f**4 - 3*f - 3/2*f**2. What is d(-2)?
3
Let w(d) = -d**3 - 6*d**2 + 6*d. Let p = -1 - -4. Suppose t + p*t + 28 = 0. Calculate w(t).
7
Let i(u) be the second derivative of -u**3/2 + 35*u**2 + u - 140. Determine i(23).
1
Let s(m) = -m**3 - 9*m**2 + 2*m + 3. Let c(z) = 2*z**2 + 58*z**3 - 2 + 6*z**2 - z - 57*z**3. Let y(q) = -4*c(q) - 3*s(q). Calculate y(-5).
9
Let c(v) = 3*v**2 + 7*v - 14. Suppose -2*p - 16 = -10*p. Let s(t) = t**2 + 3*t - 7. Let y(a) = p*c(a) - 5*s(a). Give y(0).
7
Let f(k) be the first derivative of k**3/3 - k**2/2 + 88. Determine f(2).
2
Let h(w) = w**2 - 19*w + 2. Suppose -2*c + 12 + 1 = 5*u, -c + 3*u = -34. Let k be h(c). Let q(i) = 3*i + i + i. Determine q(k).
10
Suppose 5*f = 2*f - 3, 19 = -h - f. Let j = -13 - h. Let m(n) = -n - n**2 + 9*n + 0*n - 3. Give m(j).
12
Let n = 254 + -155. Let g = 102 - n. Let m(c) = c**3 - 3*c**2 + 3*c - 1. Give m(g).
8
Let l be 0/(12/90 - (-140)/75). Let o(n) be the second derivative of n**5/20 - n**4/12 + n**3/6 + 7*n**2/2 + n. Give o(l).
7
Let n = 26 - 23. Suppose 3*r + n + 12 = 0. Let u(l) = l**2 + 6*l + 3. What is u(r)?
-2
Let r(i) = -2*i**3 - 5*i**2 - 3*i + 4. Suppose -4*b - 6 = 6. Determine r(b).
22
Let x(r) be the second derivative of r**5/20 + r**3/6 + 3*r**2 + 22*r. Let c = 4 - 1. Suppose -5*t - 13 = -j - c, -j - 8 = 4*t. Determine x(j).
6
Suppose 0 = 67*t - 25 + 25. Let s(z) be the second derivative of -z**3 - 1/12*z**4 - 11*z + t + 0*z**2. Determine s(-4).
8
Let q be 1/(1*(-2)/(-4)). Suppose -m - 5*s - 9 = -s, -18 = -4*m + q*s. Let b(c) be the second derivative of c**4/12 - 2*c**3/3 + c**2 - 411*c. What is b(m)?
-1
Let s(y) be the second derivative of -2*y + 0 + 0*y**2 + 1/12*y**4 - y**3 + 1/120*y**5. Let l(t) be the second derivative of s(t). What is l(5)?
7
Suppose 2*n = 9*n - 21. Suppose n*q - 4*q = -1, 0 = -2*i - 5*q + 1. Let h(o) = o**2 + 3*o - 2. Determine h(i).
-4
Let p(k) = 2 - 14*k + 31*k - 14*k. Suppose 2*q + 3 = 3*q. Suppose -4 = -h + q*h. Determine p(h).
-4
Let a(x) be the third derivative of x**8/20160 - x**7/5040 - x**6/360 - 9*x**5/20 + 36*x**2. Let q(i) be the third derivative of a(i). Determine q(-4).
18
Let u = 52 + -24. Let o be (-4)/((-112)/(-124)) + 12/u. Let y(s) = -2*s - 4. Give y(o).
4
Let c(f) = -17*f - 289. Let b be c(-17). Let x(m) = -m**3 - 16. Calculate x(b).
-16
Let u(m) = 10 - 5 + 0 + 3*m - 4*m**2 + 0*m**2 + m**3 - 3. What is u(3)?
2
Suppose -40*s = -18*s + 44. Let w(y) = 4*y**3 + 2*y**2 - 2*y - 1. Determine w(s).
-21
Let v be 1 + -3 + 3 - -4. Let g(f) = 7*f**3 - 3*f**2 - 4*f - 15. Let y(r) = 10*r**3 - 5*r**2 - 6*r - 22. Let p(x) = v*y(x) - 7*g(x). Give p(5).
10
Let a = 1 + -5. Let g(o) = -2*o**2 - 2*o - 3. Let k(h) = 2*h**2 + 3*h + 4. Let c(u) = a*g(u) - 3*k(u). Let n = -21 - -20. Determine c(n).
3
Let k(f) = 0*f - 2*f - 24 + 0*f + 7 + 9. What is k(-7)?
6
Let t(c) = 3*c + 54. Let m(u) = 3*u + 65. Let s(k) = 5*m(k) - 6*t(k). Give s(3).
-8
Let r be (8/6)/(56/(-882)*-7). Let u be 0/(-2) + 0/2. Suppose 10*x - r*x + 21 = u. Let z(o) = -o**3 - 2*o**2 + 4*o + 1. Calculate z(x).
-2
Let q(t) = t**2 - 9*t - 4. Let b = -110 - -120. What is q(b)?
6
Let n(s) = -29 - 52 - 30 + s + 188 - 38. Give n(0).
39
Let q(o) = -3*o - 1735*o**3 - 4 - 3*o**2 + 1736*o**3 + 8. What is q(3)?
-5
Let f(v) = -v**3 